ghest common divisor of g and x?
5
Let z = -10168 - -3636. Let g be z/(-213) + ((-10)/6 - -2). What is the greatest common divisor of 775 and g?
31
Let o = -24937 + 24952. What is the highest common factor of o and 1767?
3
Suppose 24 = y - 4*s, 0*s + 2*s - 24 = -4*y. Let a = 12 - y. Suppose a = o, -m - 3*o = -o - 233. Calculate the greatest common factor of 25 and m.
25
Suppose 3*b + 53 = -n + 139, 0 = 4*b + 5*n - 100. Calculate the highest common divisor of 2890 and b.
10
Let k(s) = s**2 + 21*s - 52. Let j = 405 - 399. Let q be k(j). What is the highest common factor of q and 60?
10
Let r be (-13 + 26)/((-1)/10). Let w = r + 146. Calculate the greatest common factor of 24 and w.
8
Let j = -338 - -668. Suppose -z + 5 = 0, -5*z + 14 + 11 = -2*w. Suppose w = -4*t + 10*t - 180. Calculate the highest common divisor of t and j.
30
Suppose 4*q - 33424 = -4*v - 2868, -5*v + 38231 = q. Calculate the highest common factor of v and 4.
4
Let y be -3*(7 + -10)*3. Suppose -y*g - 4*g = -3534. Let p = 38 + 0. Calculate the highest common factor of g and p.
38
Let y be (3/9)/(2/12). Suppose -y*x - 174 = -220. What is the greatest common factor of x and 253?
23
Let q(v) = 5*v + 134. Let g(k) = k - 4. Let a(c) = -4*g(c) + q(c). Let y be a(-10). What is the highest common divisor of y and 35?
35
Suppose -3*d + 2756 = -4*g + 8*g, -3*d + 2792 = -5*g. What is the greatest common factor of d and 2508?
132
Let s be (-108)/8*((-660)/12 - 7). What is the greatest common factor of 465 and s?
93
Let s = 110937 - 61628. What is the greatest common factor of 13 and s?
13
Let v(l) = 339*l - 1494. Let x be v(11). What is the highest common factor of 45 and x?
15
Let s(l) = -50*l - 38. Let f be s(-1). Calculate the highest common divisor of f and 99.
3
Let x(i) = 4*i**2 + 5*i + 63. Let o be x(-7). Let k = -212 + o. What is the greatest common factor of k and 384?
12
Suppose l + 4*a - 340 = 419, -5*l + 5*a = -3820. What is the greatest common factor of l and 872?
109
Let t be ((-49)/(-21) + -3)*115*108/(-8). Calculate the greatest common divisor of t and 460.
115
Let u(n) = 22*n**2. Let p(s) = -s**2 - 4*s + 1. Let i be p(-5). Let g be 55/(-77) + i/14. Let a be u(g). Calculate the greatest common factor of 11 and a.
11
Suppose 0 = -3209*b + 3258*b - 7252. What is the highest common divisor of b and 5587?
37
Let f = 32 + -32. Suppose -6*z + f*z + 1266 = 0. Suppose 2*t + 265 = 5*q + 3*t, -4*q - t = -z. Calculate the highest common divisor of q and 27.
27
Let b(q) = 456*q - 1664. Let t be b(12). Calculate the highest common divisor of 896 and t.
224
Let q(a) = -14*a**2 - a + 7. Let j be q(-3). Suppose 3*r = 2*h + 8*r - 64, 3*r = 4*h - 128. Let o = h - j. Calculate the greatest common factor of 37 and o.
37
Let x be 1 - 0 - (0/(-8 - -7))/2. What is the greatest common factor of 170 and x?
1
Let n be 14*(10 + (-45)/9). What is the greatest common factor of n and 42?
14
Suppose -2*z + 3*d = -20, 80*d = 3*z + 79*d - 44. Calculate the greatest common factor of z and 144.
16
Let f(k) = 4*k**3 + 3*k - 2. Let q be f(1). Suppose q*c - 59 = -9. Calculate the highest common factor of c and 155.
5
Suppose 0 = 62*b - 49*b - 988. Let t = b + -53. What is the greatest common divisor of 207 and t?
23
Suppose -18*c + 17*c = -127. Suppose -128*v + 9 = -c*v. Suppose 0*b = 5*m + 5*b - 10, 0 = 5*m - 5*b. What is the highest common factor of m and v?
1
Let i = 621 + -617. Let v(a) = 15*a**2 - 9. Let n be v(i). Calculate the greatest common divisor of n and 33.
33
Let k = 2843 - 2735. Calculate the highest common divisor of 564 and k.
12
Let z be 8/16*10*10*1. Let q be z + -48 - (-3 + 2/(-2)). What is the highest common divisor of 22 and q?
2
Suppose 0*r - 3*r = 5*j + 16, 0 = 5*r + 5*j + 10. Suppose r*x + 3*x = 18. Suppose -x*d + 81 = 6*d. Calculate the greatest common factor of 81 and d.
9
Suppose -d + 4*d - 9 = 0. Let l be 16*d/((-3)/(-8)). Suppose 74 = 5*i + 2*s, -5*i + 3*s + 158 - 69 = 0. What is the highest common divisor of l and i?
16
Let i = 40 + 386. Suppose -w + 90 + 66 = -4*z, -3*w + i = 2*z. Calculate the highest common divisor of 16 and w.
16
Suppose 2*a + 5*v - 29 = 0, 4*a - 12 = -3*v + 53. Let d be (3*(-2184)/(-45))/(1/5). Let z = d - 507. What is the highest common divisor of a and z?
17
Let k(f) = 1220*f + 70. Let s be k(17). Let i be s/45 + (-16)/36. Calculate the highest common divisor of i and 11.
11
Suppose 0 = 2*a + 14 - 20. Let s be (-104)/12 - (a + -2)/3. Let p be s/(18/(-244)) - -4. What is the highest common divisor of p and 14?
14
Let m(u) = 2*u**2. Let i be m(-1). Suppose -2*o + 9*w - 4*w = -45, -w - 25 = -2*o. Suppose -o*g = -260 + 80. What is the greatest common divisor of i and g?
2
Let d(t) = -8*t - 54. Let g be d(0). Let o be 2/(-6) - 6/g*39. Suppose 2*n = 3*n - o*i - 18, -n + 2*i = -28. Calculate the greatest common factor of n and 95.
19
Let z be (32 + -14 + -16)*(-4134)/(-3). Calculate the greatest common divisor of 260 and z.
52
Suppose 11*o = 14*o - 6, 5*o + 1640 = 5*f. Let x = 336 - f. Calculate the greatest common factor of 78 and x.
6
Suppose -2*s = -134 - 136. Let d = 37989 + -37929. Calculate the greatest common divisor of s and d.
15
Let q = -114 - -68. Let a = q + 46. Suppose -2*d = -5*j - 281, 390 = 3*d - a*j + 3*j. What is the greatest common factor of 19 and d?
19
Let b(j) = -31*j - 9. Let m be b(-11). Let p = m + -193. Suppose -5*a - 30 = -2*s - p, -31 = -a + 5*s. Calculate the highest common factor of 231 and a.
21
Suppose 230 = 3*f + 80. Suppose 0 = -5*v - 0*v + f. Suppose 249 = 5*s + d, -2*s - 3*d = -39 - 58. What is the greatest common factor of v and s?
10
Let r(q) = 7*q**3 + 870*q**2 + 252*q + 502. Let v be r(-124). Let a be 3/(2*2/(-68)). Let i be (-2)/(-4) - a/6. Calculate the greatest common factor of v and i.
3
Let t = 8785 - 8773. Calculate the highest common factor of 10092 and t.
12
Let u = 340 + -331. Suppose -3*o - u*o = -4836. What is the highest common divisor of o and 13?
13
Suppose 5*n = -3*l + 176, -2*n - 5*l + 94 - 16 = 0. Suppose 2*g + 3*g - 15 = 0. Let c be -408*((-9)/(-4) - g). Calculate the greatest common factor of c and n.
34
Let i = 2783 - 2681. Calculate the highest common factor of 136 and i.
34
Let s(j) = -4*j + 138. Let h be 1 + 18/(-42) - 220/(-7). Let c be s(h). What is the greatest common divisor of 10 and c?
10
Let k = -75869 + 75920. Let f = 193 + -6. Calculate the greatest common factor of f and k.
17
Suppose 2*t - 5*a = -0*t + 612, 2*a + 1509 = 5*t. Suppose 194 = 15*v - t. Calculate the greatest common factor of 66 and v.
33
Let d be (6/(-3))/(1*10/(-45)). Let v = -223 + 376. Calculate the highest common divisor of d and v.
9
Suppose -528*r + 2*f = -533*r + 4083, -4*r + 3272 = 3*f. Calculate the greatest common factor of 5 and r.
5
Suppose 17*y - 20*y = 6. Let g be ((-5)/2 - y)*-368. What is the highest common divisor of g and 8?
8
Let z(v) = -3*v**3 + v**3 - 3 - 4*v - 2*v**3 + 1 - 11 - 15*v**2. Let s be z(-5). Calculate the highest common divisor of s and 12.
12
Suppose 3*s + 6*b = 7*b - 94, -118 = 4*s - 5*b. Let o be (1 - 0)*(-32)/s + 189. Calculate the highest common divisor of o and 38.
38
Suppose 15*t - 9930 = 9570. What is the highest common divisor of t and 208?
52
Suppose 5*s = 3*w + 397, -31*s + 4*w - 164 = -33*s. Calculate the greatest common factor of s and 600.
40
Let w be (-4)/(-12)*-3 + 5. Suppose 0 = -3*c, c + c = -w*p + 160. Let l = p + -20. Calculate the greatest common divisor of l and 4.
4
Let o be (-5 - -4) + 301/1. Let m be (49/5)/(50/125) - 34/68. Calculate the highest common divisor of m and o.
12
Suppose 0 = 4*p + 5*p - 206 + 44. What is the greatest common factor of p and 135?
9
Suppose 1423 = -51*i - 4289. Let x be ((-320)/i)/(46/14 - 3). Let y = 17 - 7. What is the highest common factor of x and y?
10
Suppose -2*o - 15 = -71. Let t be (1440/(-135))/((-2)/6). What is the highest common divisor of t and o?
4
Let f = -255 - -310. Let b = f + -29. What is the greatest common divisor of b and 52?
26
Suppose 2*j + u - 442 = -u, 12 = 4*u. Suppose 2*v - 5*o = j, o = -2*v + 96 + 98. Let p = -83 + v. What is the greatest common factor of p and 24?
8
Let y(v) = v**3 - 28*v**2 - 132*v + 256. Let h be y(32). Calculate the greatest common divisor of 1888 and h.
32
Let q = -11764 - -11803. What is th